{"id":42,"date":"2012-02-28T19:13:00","date_gmt":"2012-02-28T18:13:00","guid":{"rendered":"http:\/\/team-theater-holzkirchen.de\/wp\/?page_id=42"},"modified":"2015-02-19T15:31:07","modified_gmt":"2015-02-19T14:31:07","slug":"der-verein","status":"publish","type":"page","link":"http:\/\/team-theater-holzkirchen.de\/?page_id=42","title":{"rendered":"Der Verein"},"content":{"rendered":"<p><a href=\"http:\/\/team-theater-holzkirchen.de\/wp\/wp-content\/uploads\/Theaterprobe_20081.jpg\" target=\"_blank\"><img loading=\"lazy\" decoding=\"async\" class=\"alignleft  wp-image-315\" title=\"Theaterprobe_2008\" src=\"http:\/\/team-theater-holzkirchen.de\/wp\/wp-content\/uploads\/Theaterprobe_20081-150x150.jpg\" alt=\"\" width=\"100\" height=\"100\" \/><\/a><a href=\"http:\/\/team-theater-holzkirchen.de\/wp\/wp-content\/uploads\/Fasching_2010.jpg\" target=\"_blank\"><img loading=\"lazy\" decoding=\"async\" class=\"alignleft  wp-image-316\" title=\"Fasching_2010\" src=\"http:\/\/team-theater-holzkirchen.de\/wp\/wp-content\/uploads\/Fasching_2010-150x150.jpg\" alt=\"\" width=\"100\" height=\"100\" \/><\/a><a href=\"http:\/\/team-theater-holzkirchen.de\/wp\/wp-content\/uploads\/Aufbau_2006.jpg\" target=\"_blank\"><img loading=\"lazy\" decoding=\"async\" class=\"alignleft  wp-image-313\" title=\"Aufbau_2006\" src=\"http:\/\/team-theater-holzkirchen.de\/wp\/wp-content\/uploads\/Aufbau_2006-150x150.jpg\" alt=\"\" width=\"100\" height=\"100\" \/><\/a><a href=\"http:\/\/team-theater-holzkirchen.de\/wp\/wp-content\/uploads\/Vereinsausflug_20071.jpg\" target=\"_blank\"><img loading=\"lazy\" decoding=\"async\" class=\"alignleft  wp-image-314\" title=\"Vereinsausflug_2007\" src=\"http:\/\/team-theater-holzkirchen.de\/wp\/wp-content\/uploads\/Vereinsausflug_20071-150x150.jpg\" alt=\"\" width=\"100\" height=\"100\" \/><\/a><a href=\"http:\/\/team-theater-holzkirchen.de\/wp\/wp-content\/uploads\/In-der-Maske_2006.jpg\" target=\"_blank\"><img loading=\"lazy\" decoding=\"async\" class=\"alignleft  wp-image-317\" title=\"In der Maske_2006\" src=\"http:\/\/team-theater-holzkirchen.de\/wp\/wp-content\/uploads\/In-der-Maske_2006-150x150.jpg\" alt=\"\" width=\"100\" height=\"100\" \/><\/a><\/p>\n<h3><\/h3>\n<h3><\/h3>\n<h3><\/h3>\n<p>Das Team Theater Holzkirchen e.V. entstand 1991 aus einem Kurs der VHS mit dem Titel &#8222;Einf\u00fchrung in die Kunst der Darstellung&#8220;. Damals beschlossen einige Kursteilnehmer das Gelernte gleich auch\u00a0in die Tat umzusetzen, brachten\u00a0das erste St\u00fcck auf die B\u00fchne und\u00a0gr\u00fcndeten den Verein. Nach anf\u00e4nglichen Schwierigkeiten mit fehlenden R\u00e4umlichkeiten und Spielern hatte das TTH von 1992 bis 2009 seine Heimat in der Hauptschule Holzkirchen. Seit Januar 2010 f\u00fchrt das Team Theater Holzkirchen e.V. seine St\u00fccke im &#8222;KULTUR im Oberbr\u00e4u&#8220; auf.<\/p>\n<p>Der Kreis der Interessierten, auf die man f\u00fcr die Vereinsarbeit und\u00a0gro\u00dfe wie kleine Rollen zur\u00fcckgreifen kann, hat sich inzwischen erfreulich vergr\u00f6\u00dfert. Gro\u00dfen Wert legt das Team Theater Holzkirchen auf die Jugendarbeit. Zahlreiche Jugendliche werden in Spiel und Organisation mit eingebunden. Helfer, die nicht unbedingt auf der B\u00fchne stehen wollen, unterst\u00fctzen das Theater hinter der B\u00fchne (z. B. Technik\/Requisite\/Maske\/Kost\u00fcme).<\/p>\n<p>&nbsp;<\/p>\n<p>Der Verein &#8222;Team Theater Holzkirchen e.V.&#8220; ist ein eingetragener gemeinn\u00fctziger Verein und versteht sich als eine Laientheatergruppe.<\/p>\n<p>Der Verein ist Mitglied im <a href=\"http:\/\/www.amateurtheater-bayern.de\/\" target=\"_blank\">Verband Bayerischer Amateurtheater<\/a>.<\/p>\n<p><a href=\"http:\/\/www.amateurtheater-bayern.de\/\" target=\"_blank\" rel=\"http:\/\/www.amateurtheater-bayern.de\/\"><img loading=\"lazy\" decoding=\"async\" title=\"Logo_Verband Bayerischer Amateurtheater e.V.\" src=\"http:\/\/team-theater-holzkirchen.de\/wp\/wp-content\/uploads\/Logo_Verband-Bayerischer-Amateurtheater-e.V.-300x80.jpg\" alt=\"\" width=\"300\" height=\"80\" \/><\/a><\/p>\n<p>&nbsp;<\/p>\n<p style=\"text-align: center;\">\n","protected":false},"excerpt":{"rendered":"<p><a href=\"http:\/\/team-theater-holzkirchen.de\/wp\/wp-content\/uploads\/Theaterprobe_20081.jpg\" target=\"_blank\"><\/a><a href=\"http:\/\/team-theater-holzkirchen.de\/wp\/wp-content\/uploads\/Fasching_2010.jpg\" target=\"_blank\"><\/a><a href=\"http:\/\/team-theater-holzkirchen.de\/wp\/wp-content\/uploads\/Aufbau_2006.jpg\" target=\"_blank\"><\/a><a href=\"http:\/\/team-theater-holzkirchen.de\/wp\/wp-content\/uploads\/Vereinsausflug_20071.jpg\" target=\"_blank\"><\/a><a href=\"http:\/\/team-theater-holzkirchen.de\/wp\/wp-content\/uploads\/In-der-Maske_2006.jpg\" target=\"_blank\"><\/a><\/p>\n<p>Das Team Theater Holzkirchen e.V. entstand 1991 aus einem Kurs der VHS mit dem Titel &#8222;Einf\u00fchrung in die Kunst der Darstellung&#8220;. Damals beschlossen einige Kursteilnehmer das Gelernte gleich auch\u00a0in die Tat umzusetzen, brachten\u00a0das erste St\u00fcck auf die B\u00fchne und\u00a0gr\u00fcndeten den Verein. Nach anf\u00e4nglichen Schwierigkeiten &hellip; <\/p>\n<p><a class=\"more-link btn\" href=\"http:\/\/team-theater-holzkirchen.de\/?page_id=42\">Weiterlesen<\/a><\/p>\n","protected":false},"author":1,"featured_media":0,"parent":0,"menu_order":1,"comment_status":"closed","ping_status":"closed","template":"template-twocolumnsleft.php","meta":{"footnotes":""},"class_list":["post-42","page","type-page","status-publish","hentry","nodate","item-wrap"],"_links":{"self":[{"href":"http:\/\/team-theater-holzkirchen.de\/index.php?rest_route=\/wp\/v2\/pages\/42","targetHints":{"allow":["GET"]}}],"collection":[{"href":"http:\/\/team-theater-holzkirchen.de\/index.php?rest_route=\/wp\/v2\/pages"}],"about":[{"href":"http:\/\/team-theater-holzkirchen.de\/index.php?rest_route=\/wp\/v2\/types\/page"}],"author":[{"embeddable":true,"href":"http:\/\/team-theater-holzkirchen.de\/index.php?rest_route=\/wp\/v2\/users\/1"}],"replies":[{"embeddable":true,"href":"http:\/\/team-theater-holzkirchen.de\/index.php?rest_route=%2Fwp%2Fv2%2Fcomments&post=42"}],"version-history":[{"count":41,"href":"http:\/\/team-theater-holzkirchen.de\/index.php?rest_route=\/wp\/v2\/pages\/42\/revisions"}],"predecessor-version":[{"id":1462,"href":"http:\/\/team-theater-holzkirchen.de\/index.php?rest_route=\/wp\/v2\/pages\/42\/revisions\/1462"}],"wp:attachment":[{"href":"http:\/\/team-theater-holzkirchen.de\/index.php?rest_route=%2Fwp%2Fv2%2Fmedia&parent=42"}],"curies":[{"name":"wp","href":"https:\/\/api.w.org\/{rel}","templated":true}]}}