{"id":1858,"date":"2024-10-01T13:21:24","date_gmt":"2024-10-01T11:21:24","guid":{"rendered":"http:\/\/team-theater-holzkirchen.de\/?page_id=1858"},"modified":"2024-10-01T13:22:33","modified_gmt":"2024-10-01T11:22:33","slug":"2024-gunsnnuns-nehmen-ist-seliger-denn-geben","status":"publish","type":"page","link":"http:\/\/team-theater-holzkirchen.de\/?page_id=1858","title":{"rendered":"2024 &#8211; Guns&#8217;n&#8217;Nuns &#8211; Nehmen ist seliger denn geben"},"content":{"rendered":"<p>von <strong>Kai Hinkelmann<\/strong><\/p>\n<p>Die gl\u00fccklosen Bankr\u00e4uber Jack, Nick und Luigi verstecken sich nach einem gescheiterten Bankraub in dem Kloster zum heiligen Gervasius. Jack, der Boss, verzweifelt nicht nur an seinen inkompetenten Mitgaunern sondern auch an den Schwestern im Kloster, allen voran an der frostigen \u00c4btissin Schwester Genista. Die Lage spitzt sich zu als die Polizei die Spuren der Bankr\u00e4uber bis zum Kloster verfolgt. Eine Entwicklung, die auch den Schwestern nicht gef\u00e4llt &#8230; eine rasante, witzige Kriminalkom\u00f6die!<\/p>\n","protected":false},"excerpt":{"rendered":"<p>von <strong>Kai Hinkelmann<\/strong><\/p>\n<p>Die gl\u00fccklosen Bankr\u00e4uber Jack, Nick und Luigi verstecken sich nach einem gescheiterten Bankraub in dem Kloster zum heiligen Gervasius. Jack, der Boss, verzweifelt nicht nur an seinen inkompetenten Mitgaunern sondern auch an den Schwestern im Kloster, allen voran an der frostigen \u00c4btissin Schwester Genista. Die Lage spitzt sich zu als die Polizei &hellip; <\/p>\n<p><a class=\"more-link btn\" href=\"http:\/\/team-theater-holzkirchen.de\/?page_id=1858\">Weiterlesen<\/a><\/p>\n","protected":false},"author":1,"featured_media":0,"parent":32,"menu_order":-36,"comment_status":"closed","ping_status":"closed","template":"","meta":{"footnotes":""},"class_list":["post-1858","page","type-page","status-publish","hentry","nodate","item-wrap"],"_links":{"self":[{"href":"http:\/\/team-theater-holzkirchen.de\/index.php?rest_route=\/wp\/v2\/pages\/1858","targetHints":{"allow":["GET"]}}],"collection":[{"href":"http:\/\/team-theater-holzkirchen.de\/index.php?rest_route=\/wp\/v2\/pages"}],"about":[{"href":"http:\/\/team-theater-holzkirchen.de\/index.php?rest_route=\/wp\/v2\/types\/page"}],"author":[{"embeddable":true,"href":"http:\/\/team-theater-holzkirchen.de\/index.php?rest_route=\/wp\/v2\/users\/1"}],"replies":[{"embeddable":true,"href":"http:\/\/team-theater-holzkirchen.de\/index.php?rest_route=%2Fwp%2Fv2%2Fcomments&post=1858"}],"version-history":[{"count":1,"href":"http:\/\/team-theater-holzkirchen.de\/index.php?rest_route=\/wp\/v2\/pages\/1858\/revisions"}],"predecessor-version":[{"id":1859,"href":"http:\/\/team-theater-holzkirchen.de\/index.php?rest_route=\/wp\/v2\/pages\/1858\/revisions\/1859"}],"up":[{"embeddable":true,"href":"http:\/\/team-theater-holzkirchen.de\/index.php?rest_route=\/wp\/v2\/pages\/32"}],"wp:attachment":[{"href":"http:\/\/team-theater-holzkirchen.de\/index.php?rest_route=%2Fwp%2Fv2%2Fmedia&parent=1858"}],"curies":[{"name":"wp","href":"https:\/\/api.w.org\/{rel}","templated":true}]}}