{"id":136,"date":"2012-02-28T21:43:25","date_gmt":"2012-02-28T20:43:25","guid":{"rendered":"http:\/\/team-theater-holzkirchen.de\/wp\/?page_id=136"},"modified":"2012-10-27T16:58:09","modified_gmt":"2012-10-27T14:58:09","slug":"2003-pension-scholler","status":"publish","type":"page","link":"http:\/\/team-theater-holzkirchen.de\/?page_id=136","title":{"rendered":"2003 &#8211; Pension Sch\u00f6ller"},"content":{"rendered":"<p><strong>von Carl Laufs und Wilhelm Jacoby<\/strong><\/p>\n<p>Berlin in den turbulenten Drei\u00dfiger Jahren des letzten Jahrhunderts: Wer zur &#8222;Haute Vol\u00e9e&#8220; geh\u00f6ren will, l\u00e4sst sich so oft wie m\u00f6glich in Caf\u00e9s sehen und h\u00f6rt sich die neuesten Schlager an, die nicht ohne \u00dcberheblichkeit die Exotik ferner L\u00e4nder besingen.<\/p>\n<p>Abends wird in Salons, Vari\u00e9t\u00e9s und bei Soir\u00e9en weitergefeiert. Und das gilt nat\u00fcrlich vor allem f\u00fcr Neureiche und Landeier. Wie den kauzigen Philipp Klapproth. Privatier ist er, stolzer Besitzer eines Landgutes. Doch was ist das schon im Vergleich zu einer veritablen Irrenanstalt? Mit dem Besuch eines solchen Institutes w\u00fcrde er nur zu gern einmal vor seinen Stammtischkumpanen angeben und zum Dorfgespr\u00e4ch avancieren. Zum Gl\u00fcck wohnt sein Neffe Alfred in der Metropole, und der soll ihm ein solches Etablissement einmal zeigen.<\/p>\n<p>Gesagt, getan: Klapproth senior nutzt eine Reise in die Stadt, schickt Schwester und Nichten vorzeitig heim und besucht &#8211; eine Soir\u00e9e in der Klapsm\u00fchle.<\/p>\n<p>Denkt er zumindest! In Wirklichkeit ist es jedoch eine normale Pension, geleitet vom ehrenwerten Herrn Direktor Sch\u00f6ller. Aber das f\u00e4llt Philipp Klapproth nicht auf. Denn angefangen vom mit seinen Abenteuern schwadronierenden Globetrotter Bernhardy \u00fcber die M\u00f6chtegern-Courts-Mahler Josephine Kr\u00fcger bis hin zum n\u00e4selnden Schauspiel-Eleven Eugen R\u00fcmpel sind die Patienten, pardon, Pensionsg\u00e4ste, allesamt eingefleischte Exzentriker, Sonderlinge und K\u00e4uze.<\/p>\n<p>So entsteht eine veritable Verwechslungstour, in der der gute Onkel Klapproth von einer Verz\u00fcckung in die n\u00e4chste f\u00e4llt. &#8211; Aber das dicke Ende kommt eher und f\u00fcr ihn fataler, als er es sich ausmalen kann\u2026<\/p>\n<p>(Quelle: Dr. G\u00fcnter Bielemeier im Programmheft des TeamTheaterHolzkirchen)<\/p>\n","protected":false},"excerpt":{"rendered":"<p><strong>von Carl Laufs und Wilhelm Jacoby<\/strong><\/p>\n<p>Berlin in den turbulenten Drei\u00dfiger Jahren des letzten Jahrhunderts: Wer zur &#8222;Haute Vol\u00e9e&#8220; geh\u00f6ren will, l\u00e4sst sich so oft wie m\u00f6glich in Caf\u00e9s sehen und h\u00f6rt sich die neuesten Schlager an, die nicht ohne \u00dcberheblichkeit die Exotik ferner L\u00e4nder besingen.<\/p>\n<p>Abends wird in Salons, Vari\u00e9t\u00e9s und bei Soir\u00e9en weitergefeiert. &hellip; <\/p>\n<p><a class=\"more-link btn\" href=\"http:\/\/team-theater-holzkirchen.de\/?page_id=136\">Weiterlesen<\/a><\/p>\n","protected":false},"author":1,"featured_media":1028,"parent":32,"menu_order":-13,"comment_status":"closed","ping_status":"closed","template":"template-twocolumnsleft.php","meta":{"footnotes":""},"class_list":["post-136","page","type-page","status-publish","has-post-thumbnail","hentry","nodate","item-wrap"],"_links":{"self":[{"href":"http:\/\/team-theater-holzkirchen.de\/index.php?rest_route=\/wp\/v2\/pages\/136","targetHints":{"allow":["GET"]}}],"collection":[{"href":"http:\/\/team-theater-holzkirchen.de\/index.php?rest_route=\/wp\/v2\/pages"}],"about":[{"href":"http:\/\/team-theater-holzkirchen.de\/index.php?rest_route=\/wp\/v2\/types\/page"}],"author":[{"embeddable":true,"href":"http:\/\/team-theater-holzkirchen.de\/index.php?rest_route=\/wp\/v2\/users\/1"}],"replies":[{"embeddable":true,"href":"http:\/\/team-theater-holzkirchen.de\/index.php?rest_route=%2Fwp%2Fv2%2Fcomments&post=136"}],"version-history":[{"count":9,"href":"http:\/\/team-theater-holzkirchen.de\/index.php?rest_route=\/wp\/v2\/pages\/136\/revisions"}],"predecessor-version":[{"id":1179,"href":"http:\/\/team-theater-holzkirchen.de\/index.php?rest_route=\/wp\/v2\/pages\/136\/revisions\/1179"}],"up":[{"embeddable":true,"href":"http:\/\/team-theater-holzkirchen.de\/index.php?rest_route=\/wp\/v2\/pages\/32"}],"wp:featuredmedia":[{"embeddable":true,"href":"http:\/\/team-theater-holzkirchen.de\/index.php?rest_route=\/wp\/v2\/media\/1028"}],"wp:attachment":[{"href":"http:\/\/team-theater-holzkirchen.de\/index.php?rest_route=%2Fwp%2Fv2%2Fmedia&parent=136"}],"curies":[{"name":"wp","href":"https:\/\/api.w.org\/{rel}","templated":true}]}}